ided by w?
6
Let k(b) = 2*b**2 - 9*b + 5. Let x(w) be the third derivative of -11*w**4/24 + 325*w**3/3 - 194*w**2 + 1. What is the remainder when k(6) is divided by x(58)?
11
Let o = 56 - -79. Suppose b + o = 4*b. Calculate the remainder when (3/5)/(3/b) is divided by 3.
0
Let p = -2882 - -3097. What is the remainder when p is divided by 12?
11
Suppose -5*n + 2*n + 5*u = -64, -2*n + u + 31 = 0. Suppose 240 = 4*k - 0*k. Calculate the remainder when k is divided by n.
8
Suppose 2*q + k = 98, 2*q - 95*k + 91*k = 98. What is the remainder when q is divided by 22?
5
Calculate the remainder when (-13 - -11) + (1433 - -3) is divided by 37.
28
Suppose 181*f = 133178 + 22120. What is the remainder when f is divided by 9?
3
Suppose 153 = f - 19. Suppose f + 68 = 20*o. What is the remainder when 105 is divided by o?
9
Suppose -5*p = 2*l - 372, -25*l + 23*l = -2. Suppose 22*a - p = 20*a. Calculate the remainder when 161 is divided by a.
13
Suppose 3373 - 2770 = 12*q - 3729. What is the remainder when q is divided by 17?
4
Let i(x) = -4*x**2 - 223*x - 29. Calculate the remainder when i(-23) is divided by 15.
14
Let u(t) = 17*t**2 - 9*t - 8. Let y be u(4). Let c = -144 + y. What is the remainder when c is divided by 24?
12
Suppose -4*g = z + z - 66, 4*g = 5*z + 59. Suppose -60*j = -64*j + 100. Suppose 13 = 3*f - 3*o + 2*o, j = 5*f - o. What is the remainder when g is divided by f?
4
Suppose 3*z + 5 + 10 = 0. Let r(l) = l**3 + 4*l**2 - 5*l + 2. Let x(j) = 3346*j - 26762. Calculate the remainder when x(8) is divided by r(z).
0
Let j(c) = 2*c + 1. Let p be j(1). Suppose 3*d - 84 + p = 0. Let k = 17099 - 17094. What is the remainder when d is divided by k?
2
Suppose -3*s = -5*s + 40. Calculate the remainder when s is divided by 48/(-136) - 17792/(-1088).
4
Suppose 319*p - 380 = 320*p. What is the remainder when 92 is divided by (p/3)/(-5) - 12/9?
20
Suppose 101*v - 152*v + 10608 = 0. What is the remainder when 752 is divided by v?
128
Let u = 179 + -183. Let m(i) = -23*i - 22. Calculate the remainder when m(u) is divided by 3.
1
Let o be (-6)/(-8) + (-24922)/(-136). What is the remainder when 33/(-99) + o/3 is divided by 16?
13
Calculate the remainder when 1439 is divided by (-8 - -24) + (15 - 6).
14
Let b = -4337 - -4844. Calculate the remainder when b is divided by 45.
12
Let g = -8778 - -8882. Calculate the remainder when g is divided by (3 - -51) + 0/(-1).
50
Suppose -s = -0*s - 13. Suppose 564 = 5*x + 3*a, -14*a + 572 = 5*x - 15*a. Calculate the remainder when x is divided by s.
10
Suppose -7*o = -482 - 36. Suppose 2*r = -28 - o. What is the remainder when 26 is divided by (-43)/(-3) - (5 + r/9)?
11
Suppose -5*t - 59 - 641 = 5*w, 5*t + 660 = 5*w. Let k = t + 137. What is the remainder when 4 is divided by k?
0
Let w = 2 - -17. Let f be (-1 - 5/(-2))*(-11616)/(-144). Suppose -296 = 117*l - f*l. Calculate the remainder when l is divided by w.
17
Suppose -2*g = -4*m - 408, 15*m - 10*m = -4*g + 725. What is the remainder when g is divided by 177?
13
Suppose 2*v = -5*i + 22, -i + 10 = v + 2*i. Let d = 137 - 232. Let c = 140 + d. Calculate the remainder when c is divided by v.
13
Let t = -150 - -153. Suppose t*z - 1 = 26. What is the remainder when z is divided by 6?
3
Let v(o) = o**2 - 3. Let b be v(2). What is the remainder when 175 is divided by b/(-6) + (-995)/(-30) + 3?
31
Let t be -996 - (6 + 1 - 2). What is the remainder when (-12)/18 - (t/3 + -2) is divided by 56?
55
Suppose 5*n - 20 = 0, 3916 + 799 = 3*l - n. What is the remainder when l is divided by 83?
79
Let z be (-58)/(4/(-4)) - (-7 + 11). Suppose -3*g - z = -8*a + 7*a, -4*g - 259 = -5*a. What is the remainder when 355 is divided by a?
49
Let h(c) = 22*c + 730. What is the remainder when h(-26) is divided by 45?
23
Calculate the remainder when 710 is divided by (313 - 299) + (1 - -1)/2.
5
Let j = 17 + -9. Suppose j*f + 10 = 13*f. Suppose z = 3*q + 21, -2*z - f*q = -z - 11. What is the remainder when 43 is divided by z?
13
Suppose -4*t - 3*t + 9*t = 2758. What is the remainder when t is divided by 60?
59
Suppose -14*q - 13716 = 4*q. Calculate the remainder when (-10)/(-4)*q/(-5) is divided by 24.
21
Suppose 0 = -2*t + 6*v + 142, -v + 5 = 7. Calculate the remainder when 1196 is divided by t.
26
Let w be -2*1889/(-8) - (-219)/292. Suppose -1664 = -5*v - h, v - w + 136 = 4*h. What is the remainder when v is divided by 42?
39
Suppose k + 4*m = 125, 5*m - 229 - 293 = -4*k. Suppose -2*s + k = -125. Let g = 12 + s. What is the remainder when g is divided by 48?
45
Suppose 732 = 426*f - 414*f. What is the remainder when 731 is divided by f?
60
Let l(x) = -x**3 + 3*x**2 + x - 9. Let c be l(9). Let h = -255 - c. Let j(p) = -p**3 + 8*p**2 - 10*p + 14. Calculate the remainder when h is divided by j(6).
23
Calculate the remainder when 4035 is divided by -39*(((-10)/(-9))/(-2))/((-1240)/(-1488)).
5
Let q be (-24)/(-180) + 399/45. Let f(g) = -8*g + 91. What is the remainder when 46 is divided by f(q)?
8
Suppose -10 = -5*a, 0*k + 5*a = 3*k - 5. Suppose -3*q + k = 2, 0 = 4*v - q - 15. Suppose v*d - 2*d = 30. What is the remainder when 29 is divided by d?
14
Let m = 31673 - 31611. Let w = 0 - -6. What is the remainder when m is divided by w?
2
Calculate the remainder when 153 is divided by 2/(-7) - 681/(-7).
56
Let z(k) = -2*k**2 - 23*k - 26. Let g be z(-10). Suppose 4*n - 7*n - 2*f = -145, g*n - 5*f - 224 = 0. Calculate the remainder when n is divided by 9.
6
Let x = -18890 - -19015. Suppose 2*a - 1 = -0*a + 5*r, 27 = 3*a + r. Calculate the remainder when x is divided by a.
5
Suppose -15*u - 2585 + 10220 = 0. Let d = u - 483. Let g = -81 - -178. What is the remainder when g is divided by d?
19
Let s(h) = 173*h - 2478. Calculate the remainder when s(17) is divided by 39.
34
Let b(g) = 23*g - 20. Let q be b(1). What is the remainder when (2/(-4)*-426)/q is divided by 15?
11
Suppose 0 = s - 2*b - 40 - 177, -4*b = -3*s + 645. Calculate the remainder when 2107 is divided by s.
208
Let b(u) = -u**3 - 15*u**2 - 13*u + 12. Let a be b(-14). Let r be (-70)/(-5)*(-1)/a. Calculate the remainder when 55 is divided by -4 - r/((-28)/72).
13
Suppose 6*u = -8*u - 11539 + 40785. Calculate the remainder when u is divided by 47.
21
Suppose 40 = 5*w - 10. Let k be (3/2)/((-17)/(680/(-30))). Suppose 4*d + k*s = 56, 3*d + 60 = 7*d + s. What is the remainder when d is divided by w?
6
Suppose 34*q = 189*q - 1550. Calculate the remainder when 2289 is divided by q.
9
Let y = -43 - -66. Let j = -7 + y. Let c = -43 - -72. Calculate the remainder when c is divided by j.
13
Suppose s - 264 = 5*p - 8*p, 2*s = -8*p + 708. What is the remainder when 6477 is divided by p?
87
Let w(k) = k**2 - 24*k - 116. Let u = 532 + -503. Calculate the remainder when 143 is divided by w(u).
27
Let f(a) = 2*a**2 - 4*a + 3. Suppose -1350 = -3059*k + 2969*k. What is the remainder when f(7) is divided by k?
13
Let z(q) = -q**3 - 26*q**2 + 18*q - 43. What is the remainder when z(-27) is divided by 6?
2
Suppose 3*k - 1022 = -x - 4*x, 2*k = 2*x - 412. Suppose 16*o + 29 - x = 0. What is the remainder when 175 is divided by o?
10
Suppose -5391 = -122*v + 24901 + 2282. Calculate the remainder when 1023 is divided by v.
222
Suppose 4*z = -3*n + 269, 39*z - 44*z + 4*n + 313 = 0. What is the remainder when 444 is divided by z?
54
Suppose 3*u + 2*n - 118 = 0, -5*u + 5*n = 3*n - 186. Suppose -k = -u - 23. What is the remainder when k is divided by 52/6*12/8?
9
Suppose 2*j + 4*b - 168 = 0, 0 = -j + 41*b - 38*b + 49. Calculate the remainder when 144 is divided by j.
4
Let j(l) = 2*l - 2. Let s be j(3). Let m = 17789 + -17786. Suppose 4*q = 13 + m, -5*z - s*q = -176. What is the remainder when z is divided by 12?
8
Let m(o) = 27*o + 3. Calculate the remainder when m(7) is divided by 19 - (18 + -73) - 9.
62
Suppose 2*f - 15 = 1. Let c(s) = 0 - 5*s + 2*s**2 - 6 + 2*s + 6*s. What is the remainder when c(4) is divided by f?
6
Suppose -211*m - 2812 = -285*m. What is the remainder when 9003 is divided by m?
35
Let b = -16829 - -16844. Let m(v) = v**2 + 6*v + 1. Calculate the remainder when b is divided by m(-7).
7
Let j = -675 - -730. Suppose c - 216 = j*u - 53*u, 0 = -4*c + 3*u + 839. What is the remainder when c is divided by 13?
11
Suppose 3*g - 17 = -4*q, -q - 12 = -g + 3. Calcul